{"id":7520,"date":"2023-04-18T13:48:46","date_gmt":"2023-04-18T13:48:46","guid":{"rendered":"https:\/\/beautybe.ee\/product\/cerave-moisturising-lotion-473ml\/"},"modified":"2024-07-09T11:41:17","modified_gmt":"2024-07-09T11:41:17","slug":"cerave-moisturising-lotion-473ml","status":"publish","type":"product","link":"https:\/\/beautybe.ee\/eng\/product\/cerave-moisturising-lotion-473ml\/","title":{"rendered":"CeraVe Moisturising Lotion 473ml"},"content":{"rendered":"<p>CeraVe Moisturising Lotion is a moisturizing lotion for the body and face that provides intense hydration while actively supporting the restoration and maintenance of the skin's natural barrier. This oil-free formula is designed for dry and very dry skin. The lotion contains ceramides and hyaluronic acid, ensuring 24-hour hydration for the skin.<\/p>","protected":false},"excerpt":{"rendered":"<p>Niisutav piim kehale ja n\u00e4ole CeraVe Moisturising Lotion niisutab intensiivselt ning toetab aktiivselt nahabarj\u00e4\u00e4ri taastumist ja selle loomulikku hoidmist.<\/p>","protected":false},"featured_media":7665,"comment_status":"open","ping_status":"closed","template":"","meta":{"om_disable_all_campaigns":false,"_monsterinsights_skip_tracking":false,"_monsterinsights_sitenote_active":false,"_monsterinsights_sitenote_note":"","_monsterinsights_sitenote_category":0,"_themeisle_gutenberg_block_has_review":false},"product_brand":[],"product_cat":[122,120],"product_tag":[127,125,126],"class_list":{"0":"post-7520","1":"product","2":"type-product","3":"status-publish","4":"has-post-thumbnail","6":"product_cat-ihupiimad-ja-kreemid","7":"product_cat-kehahooldus","8":"product_tag-cerave","9":"product_tag-ihupiim","10":"product_tag-kehakreem","12":"first","13":"instock","14":"taxable","15":"shipping-taxable","16":"purchasable","17":"product-type-simple"},"aioseo_notices":[],"_links":{"self":[{"href":"https:\/\/beautybe.ee\/eng\/wp-json\/wp\/v2\/product\/7520","targetHints":{"allow":["GET"]}}],"collection":[{"href":"https:\/\/beautybe.ee\/eng\/wp-json\/wp\/v2\/product"}],"about":[{"href":"https:\/\/beautybe.ee\/eng\/wp-json\/wp\/v2\/types\/product"}],"replies":[{"embeddable":true,"href":"https:\/\/beautybe.ee\/eng\/wp-json\/wp\/v2\/comments?post=7520"}],"version-history":[{"count":2,"href":"https:\/\/beautybe.ee\/eng\/wp-json\/wp\/v2\/product\/7520\/revisions"}],"predecessor-version":[{"id":10498,"href":"https:\/\/beautybe.ee\/eng\/wp-json\/wp\/v2\/product\/7520\/revisions\/10498"}],"wp:featuredmedia":[{"embeddable":true,"href":"https:\/\/beautybe.ee\/eng\/wp-json\/wp\/v2\/media\/7665"}],"wp:attachment":[{"href":"https:\/\/beautybe.ee\/eng\/wp-json\/wp\/v2\/media?parent=7520"}],"wp:term":[{"taxonomy":"product_brand","embeddable":true,"href":"https:\/\/beautybe.ee\/eng\/wp-json\/wp\/v2\/product_brand?post=7520"},{"taxonomy":"product_cat","embeddable":true,"href":"https:\/\/beautybe.ee\/eng\/wp-json\/wp\/v2\/product_cat?post=7520"},{"taxonomy":"product_tag","embeddable":true,"href":"https:\/\/beautybe.ee\/eng\/wp-json\/wp\/v2\/product_tag?post=7520"}],"curies":[{"name":"wp","href":"https:\/\/api.w.org\/{rel}","templated":true}]}}