{"id":7752,"date":"2023-04-26T16:30:04","date_gmt":"2023-04-26T16:30:04","guid":{"rendered":"https:\/\/beautybe.ee\/?post_type=product&#038;p=7752"},"modified":"2024-11-09T07:29:39","modified_gmt":"2024-11-09T07:29:39","slug":"instituto-espanol-atopic-skin-deodorant-roll-on-75ml","status":"publish","type":"product","link":"https:\/\/beautybe.ee\/eng\/product\/instituto-espanol-atopic-skin-deodorant-roll-on-75ml\/","title":{"rendered":"Instituto Espa\u00f1ol Atopic Skin Deodorant Roll On 75ml"},"content":{"rendered":"<p>Atopic Skin Deodorant on loodud eriti tundliku ja talumatu naha hooldamiseks ja kaitsmiseks. T\u00e4nu k\u00f5rgele talutavusele v\u00e4ldib \u00e4rritust ja s\u00fcgelust. Selle valem, ei sisalda toimeaineid, mis v\u00f5iksid p\u00f5hjustada allergiat v\u00f5i \u00e4rritada tundlikku nahka, tagab v\u00e4rske ja p\u00fcsiva deodorandi toime.<\/p>","protected":false},"excerpt":{"rendered":"<p>Loodud eriti tundliku ja talumatu naha hooldamiseks ja kaitsmiseks<\/p>","protected":false},"featured_media":7753,"comment_status":"open","ping_status":"closed","template":"","meta":{"om_disable_all_campaigns":false,"_monsterinsights_skip_tracking":false,"_monsterinsights_sitenote_active":false,"_monsterinsights_sitenote_note":"","_monsterinsights_sitenote_category":0,"_themeisle_gutenberg_block_has_review":false},"product_brand":[],"product_cat":[123,120],"product_tag":[124,149,659],"class_list":{"0":"post-7752","1":"product","2":"type-product","3":"status-publish","4":"has-post-thumbnail","6":"product_cat-deodorandid","7":"product_cat-kehahooldus","8":"product_tag-deodorant","9":"product_tag-instituto-espanol","10":"product_tag-wildsale","12":"first","13":"instock","14":"sale","15":"taxable","16":"shipping-taxable","17":"purchasable","18":"product-type-simple"},"aioseo_notices":[],"_links":{"self":[{"href":"https:\/\/beautybe.ee\/eng\/wp-json\/wp\/v2\/product\/7752","targetHints":{"allow":["GET"]}}],"collection":[{"href":"https:\/\/beautybe.ee\/eng\/wp-json\/wp\/v2\/product"}],"about":[{"href":"https:\/\/beautybe.ee\/eng\/wp-json\/wp\/v2\/types\/product"}],"replies":[{"embeddable":true,"href":"https:\/\/beautybe.ee\/eng\/wp-json\/wp\/v2\/comments?post=7752"}],"version-history":[{"count":1,"href":"https:\/\/beautybe.ee\/eng\/wp-json\/wp\/v2\/product\/7752\/revisions"}],"predecessor-version":[{"id":10497,"href":"https:\/\/beautybe.ee\/eng\/wp-json\/wp\/v2\/product\/7752\/revisions\/10497"}],"wp:featuredmedia":[{"embeddable":true,"href":"https:\/\/beautybe.ee\/eng\/wp-json\/wp\/v2\/media\/7753"}],"wp:attachment":[{"href":"https:\/\/beautybe.ee\/eng\/wp-json\/wp\/v2\/media?parent=7752"}],"wp:term":[{"taxonomy":"product_brand","embeddable":true,"href":"https:\/\/beautybe.ee\/eng\/wp-json\/wp\/v2\/product_brand?post=7752"},{"taxonomy":"product_cat","embeddable":true,"href":"https:\/\/beautybe.ee\/eng\/wp-json\/wp\/v2\/product_cat?post=7752"},{"taxonomy":"product_tag","embeddable":true,"href":"https:\/\/beautybe.ee\/eng\/wp-json\/wp\/v2\/product_tag?post=7752"}],"curies":[{"name":"wp","href":"https:\/\/api.w.org\/{rel}","templated":true}]}}