{"id":7872,"date":"2023-05-07T20:55:46","date_gmt":"2023-05-07T20:55:46","guid":{"rendered":"https:\/\/beautybe.ee\/?post_type=product&#038;p=7872"},"modified":"2024-11-09T07:40:00","modified_gmt":"2024-11-09T07:40:00","slug":"hello-skin-jumiso-rich-nourishment-mask-26ml","status":"publish","type":"product","link":"https:\/\/beautybe.ee\/eng\/product\/hello-skin-jumiso-rich-nourishment-mask-26ml\/","title":{"rendered":"Hello Skin Jumiso Rich Nourishment Mask 26ml"},"content":{"rendered":"<p>Jumiso Rich Nourishment Mask contains powerful moisturizing ingredients such as argan oil and ceramides. This deeply nourishing mask transforms dry skin into a radiant complexion. The thin and breathable Cupra cotton sheet feels soft on the skin and delivers concentrated essence, capable of holding 10 times more essence than regular cotton masks. Ceramides help maintain the skin barrier and provide long-lasting hydration. Argan oil has sebum-controlling properties, making the complexion smoother and calmer.<br \/>\nKeramiidid \u2013 aitavad s\u00e4ilitada naha barj\u00e4\u00e4ri ja s\u00e4ilitada kauakestvat niisutust. Argaania\u00f5li \u2013 sisaldab rasuvastaseid omadusi, mis muudavad jume siledamaks ja rahulikumaks<\/p>\n<p>&nbsp;<\/p>","protected":false},"excerpt":{"rendered":"<p>Intensely moisturizes dry skin.<\/p>","protected":false},"featured_media":7963,"comment_status":"open","ping_status":"closed","template":"","meta":{"om_disable_all_campaigns":false,"_monsterinsights_skip_tracking":false,"_monsterinsights_sitenote_active":false,"_monsterinsights_sitenote_note":"","_monsterinsights_sitenote_category":0,"_themeisle_gutenberg_block_has_review":false},"product_brand":[],"product_cat":[162,113,110],"product_tag":[202,660,164],"class_list":{"0":"post-7872","1":"product","2":"type-product","3":"status-publish","4":"has-post-thumbnail","6":"product_cat-korea-kosmeetika","7":"product_cat-maskid","8":"product_cat-naohooldus","9":"product_tag-jumiso","10":"product_tag-korea25","11":"product_tag-mask","13":"first","14":"instock","15":"sale","16":"taxable","17":"shipping-taxable","18":"purchasable","19":"product-type-simple"},"aioseo_notices":[],"_links":{"self":[{"href":"https:\/\/beautybe.ee\/eng\/wp-json\/wp\/v2\/product\/7872","targetHints":{"allow":["GET"]}}],"collection":[{"href":"https:\/\/beautybe.ee\/eng\/wp-json\/wp\/v2\/product"}],"about":[{"href":"https:\/\/beautybe.ee\/eng\/wp-json\/wp\/v2\/types\/product"}],"replies":[{"embeddable":true,"href":"https:\/\/beautybe.ee\/eng\/wp-json\/wp\/v2\/comments?post=7872"}],"version-history":[{"count":1,"href":"https:\/\/beautybe.ee\/eng\/wp-json\/wp\/v2\/product\/7872\/revisions"}],"predecessor-version":[{"id":10645,"href":"https:\/\/beautybe.ee\/eng\/wp-json\/wp\/v2\/product\/7872\/revisions\/10645"}],"wp:featuredmedia":[{"embeddable":true,"href":"https:\/\/beautybe.ee\/eng\/wp-json\/wp\/v2\/media\/7963"}],"wp:attachment":[{"href":"https:\/\/beautybe.ee\/eng\/wp-json\/wp\/v2\/media?parent=7872"}],"wp:term":[{"taxonomy":"product_brand","embeddable":true,"href":"https:\/\/beautybe.ee\/eng\/wp-json\/wp\/v2\/product_brand?post=7872"},{"taxonomy":"product_cat","embeddable":true,"href":"https:\/\/beautybe.ee\/eng\/wp-json\/wp\/v2\/product_cat?post=7872"},{"taxonomy":"product_tag","embeddable":true,"href":"https:\/\/beautybe.ee\/eng\/wp-json\/wp\/v2\/product_tag?post=7872"}],"curies":[{"name":"wp","href":"https:\/\/api.w.org\/{rel}","templated":true}]}}