{"id":8757,"date":"2023-07-22T13:57:58","date_gmt":"2023-07-22T13:57:58","guid":{"rendered":"https:\/\/beautybe.ee\/?post_type=product&#038;p=8757"},"modified":"2025-03-10T13:58:51","modified_gmt":"2025-03-10T13:58:51","slug":"bioderma-atoderm-ultra-nourishing-moisturising-cream","status":"publish","type":"product","link":"https:\/\/beautybe.ee\/eng\/product\/bioderma-atoderm-ultra-nourishing-moisturising-cream\/","title":{"rendered":"Bioderma Atoderm Ultra-Nourishing Moisturising Cream 500ml"},"content":{"rendered":"<p>Atoderm Cr\u00e8me is a body cream for dry and very dry sensitive skin. It biologically strengthens the skin barrier and helps prevent irritation. The cream enhances the skin\u2019s natural hydration by accelerating the production of hyaluronic acid and restoring the production of missing skin lipids. Atoderm Cr\u00e8me restores the skin's softness and gentleness immediately after the first use. Over time, it restores the skin\u2019s moisture balance and increases its resistance to external factors<\/p>\n<p>Patenteeritud looduslik D.A.F.* kompleks suurendab naha taluvuse taset. Kiiresti imenduv, kergesti nahale kantav tekstuur ja meeldiv l\u00f5hn annavad kohe mugavustunde. Ei ummista poore.<\/p>","protected":false},"excerpt":{"rendered":"<p>Kehakreem kuivale ning v\u00e4ga kuivale tundlikule nahale. Tugevdab bioloogiliselt nahabarj\u00e4\u00e4ri ning hoiab \u00e4ra \u00e4rrituse teket<\/p>","protected":false},"featured_media":8759,"comment_status":"open","ping_status":"closed","template":"","meta":{"om_disable_all_campaigns":false,"_monsterinsights_skip_tracking":false,"_monsterinsights_sitenote_active":false,"_monsterinsights_sitenote_note":"","_monsterinsights_sitenote_category":0,"_themeisle_gutenberg_block_has_review":false},"product_brand":[],"product_cat":[122,133,120],"product_tag":[137,125],"class_list":{"0":"post-8757","1":"product","2":"type-product","3":"status-publish","4":"has-post-thumbnail","6":"product_cat-ihupiimad-ja-kreemid","7":"product_cat-ihupiimad-ja-kreemid-lastele","8":"product_cat-kehahooldus","9":"product_tag-bioderma","10":"product_tag-ihupiim","12":"first","13":"instock","14":"taxable","15":"shipping-taxable","16":"purchasable","17":"product-type-simple"},"aioseo_notices":[],"_links":{"self":[{"href":"https:\/\/beautybe.ee\/eng\/wp-json\/wp\/v2\/product\/8757","targetHints":{"allow":["GET"]}}],"collection":[{"href":"https:\/\/beautybe.ee\/eng\/wp-json\/wp\/v2\/product"}],"about":[{"href":"https:\/\/beautybe.ee\/eng\/wp-json\/wp\/v2\/types\/product"}],"replies":[{"embeddable":true,"href":"https:\/\/beautybe.ee\/eng\/wp-json\/wp\/v2\/comments?post=8757"}],"version-history":[{"count":2,"href":"https:\/\/beautybe.ee\/eng\/wp-json\/wp\/v2\/product\/8757\/revisions"}],"predecessor-version":[{"id":10370,"href":"https:\/\/beautybe.ee\/eng\/wp-json\/wp\/v2\/product\/8757\/revisions\/10370"}],"wp:featuredmedia":[{"embeddable":true,"href":"https:\/\/beautybe.ee\/eng\/wp-json\/wp\/v2\/media\/8759"}],"wp:attachment":[{"href":"https:\/\/beautybe.ee\/eng\/wp-json\/wp\/v2\/media?parent=8757"}],"wp:term":[{"taxonomy":"product_brand","embeddable":true,"href":"https:\/\/beautybe.ee\/eng\/wp-json\/wp\/v2\/product_brand?post=8757"},{"taxonomy":"product_cat","embeddable":true,"href":"https:\/\/beautybe.ee\/eng\/wp-json\/wp\/v2\/product_cat?post=8757"},{"taxonomy":"product_tag","embeddable":true,"href":"https:\/\/beautybe.ee\/eng\/wp-json\/wp\/v2\/product_tag?post=8757"}],"curies":[{"name":"wp","href":"https:\/\/api.w.org\/{rel}","templated":true}]}}