{"id":7520,"date":"2023-04-18T13:48:46","date_gmt":"2023-04-18T13:48:46","guid":{"rendered":"https:\/\/beautybe.ee\/product\/cerave-moisturising-lotion-473ml\/"},"modified":"2024-07-09T11:41:17","modified_gmt":"2024-07-09T11:41:17","slug":"cerave-moisturising-lotion-473ml","status":"publish","type":"product","link":"https:\/\/beautybe.ee\/rus\/product\/cerave-moisturising-lotion-473ml\/","title":{"rendered":"CeraVe Moisturising Lotion 473ml"},"content":{"rendered":"<p>CeraVe Moisturising Lotion \u2014 \u044d\u0442\u043e \u0443\u0432\u043b\u0430\u0436\u043d\u044f\u044e\u0449\u0438\u0439 \u043b\u043e\u0441\u044c\u043e\u043d \u0434\u043b\u044f \u0442\u0435\u043b\u0430 \u0438 \u043b\u0438\u0446\u0430, \u043a\u043e\u0442\u043e\u0440\u044b\u0439 \u0438\u043d\u0442\u0435\u043d\u0441\u0438\u0432\u043d\u043e \u0443\u0432\u043b\u0430\u0436\u043d\u044f\u0435\u0442 \u0438 \u0430\u043a\u0442\u0438\u0432\u043d\u043e \u043f\u043e\u0434\u0434\u0435\u0440\u0436\u0438\u0432\u0430\u0435\u0442 \u0432\u043e\u0441\u0441\u0442\u0430\u043d\u043e\u0432\u043b\u0435\u043d\u0438\u0435 \u0438 \u0441\u043e\u0445\u0440\u0430\u043d\u0435\u043d\u0438\u0435 \u0435\u0441\u0442\u0435\u0441\u0442\u0432\u0435\u043d\u043d\u043e\u0433\u043e \u0431\u0430\u0440\u044c\u0435\u0440\u0430 \u043a\u043e\u0436\u0438. \u042d\u0442\u043e\u0442 \u043b\u043e\u0441\u044c\u043e\u043d \u0431\u0435\u0437 \u043c\u0430\u0441\u043b\u0430 \u043f\u0440\u0435\u0434\u043d\u0430\u0437\u043d\u0430\u0447\u0435\u043d \u0434\u043b\u044f \u0441\u0443\u0445\u043e\u0439 \u0438 \u043e\u0447\u0435\u043d\u044c \u0441\u0443\u0445\u043e\u0439 \u043a\u043e\u0436\u0438. \u0412 \u0441\u043e\u0441\u0442\u0430\u0432\u0435 \u043b\u043e\u0441\u044c\u043e\u043d\u0430 \u0441\u043e\u0434\u0435\u0440\u0436\u0430\u0442\u0441\u044f \u043a\u0435\u0440\u0430\u043c\u0438\u0434\u044b \u0438 \u0433\u0438\u0430\u043b\u0443\u0440\u043e\u043d\u043e\u0432\u0430\u044f \u043a\u0438\u0441\u043b\u043e\u0442\u0430, \u043a\u043e\u0442\u043e\u0440\u044b\u0435 \u043e\u0431\u0435\u0441\u043f\u0435\u0447\u0438\u0432\u0430\u044e\u0442 \u0443\u0432\u043b\u0430\u0436\u043d\u0435\u043d\u0438\u0435 \u043a\u043e\u0436\u0438 \u043d\u0430 24 \u0447\u0430\u0441\u0430.<\/p>","protected":false},"excerpt":{"rendered":"<p>Niisutav piim kehale ja n\u00e4ole CeraVe Moisturising Lotion niisutab intensiivselt ning toetab aktiivselt nahabarj\u00e4\u00e4ri taastumist ja selle loomulikku hoidmist.<\/p>","protected":false},"featured_media":7665,"comment_status":"open","ping_status":"closed","template":"","meta":{"om_disable_all_campaigns":false,"_monsterinsights_skip_tracking":false,"_monsterinsights_sitenote_active":false,"_monsterinsights_sitenote_note":"","_monsterinsights_sitenote_category":0,"_themeisle_gutenberg_block_has_review":false},"product_brand":[],"product_cat":[122,120],"product_tag":[127,125,126],"class_list":{"0":"post-7520","1":"product","2":"type-product","3":"status-publish","4":"has-post-thumbnail","6":"product_cat-ihupiimad-ja-kreemid","7":"product_cat-kehahooldus","8":"product_tag-cerave","9":"product_tag-ihupiim","10":"product_tag-kehakreem","12":"first","13":"instock","14":"taxable","15":"shipping-taxable","16":"purchasable","17":"product-type-simple"},"aioseo_notices":[],"_links":{"self":[{"href":"https:\/\/beautybe.ee\/rus\/wp-json\/wp\/v2\/product\/7520","targetHints":{"allow":["GET"]}}],"collection":[{"href":"https:\/\/beautybe.ee\/rus\/wp-json\/wp\/v2\/product"}],"about":[{"href":"https:\/\/beautybe.ee\/rus\/wp-json\/wp\/v2\/types\/product"}],"replies":[{"embeddable":true,"href":"https:\/\/beautybe.ee\/rus\/wp-json\/wp\/v2\/comments?post=7520"}],"version-history":[{"count":2,"href":"https:\/\/beautybe.ee\/rus\/wp-json\/wp\/v2\/product\/7520\/revisions"}],"predecessor-version":[{"id":10498,"href":"https:\/\/beautybe.ee\/rus\/wp-json\/wp\/v2\/product\/7520\/revisions\/10498"}],"wp:featuredmedia":[{"embeddable":true,"href":"https:\/\/beautybe.ee\/rus\/wp-json\/wp\/v2\/media\/7665"}],"wp:attachment":[{"href":"https:\/\/beautybe.ee\/rus\/wp-json\/wp\/v2\/media?parent=7520"}],"wp:term":[{"taxonomy":"product_brand","embeddable":true,"href":"https:\/\/beautybe.ee\/rus\/wp-json\/wp\/v2\/product_brand?post=7520"},{"taxonomy":"product_cat","embeddable":true,"href":"https:\/\/beautybe.ee\/rus\/wp-json\/wp\/v2\/product_cat?post=7520"},{"taxonomy":"product_tag","embeddable":true,"href":"https:\/\/beautybe.ee\/rus\/wp-json\/wp\/v2\/product_tag?post=7520"}],"curies":[{"name":"wp","href":"https:\/\/api.w.org\/{rel}","templated":true}]}}