{"id":8676,"date":"2023-07-07T08:30:29","date_gmt":"2023-07-07T08:30:29","guid":{"rendered":"https:\/\/beautybe.ee\/?post_type=product&#038;p=8676"},"modified":"2024-11-08T21:47:42","modified_gmt":"2024-11-08T21:47:42","slug":"lacabine-botox-like-ampoules-10x2ml","status":"publish","type":"product","link":"https:\/\/beautybe.ee\/rus\/product\/lacabine-botox-like-ampoules-10x2ml\/","title":{"rendered":"laCabine Botox Like 10x2ml"},"content":{"rendered":"<p>\u0410\u043c\u043f\u0443\u043b\u044b \u0441 \u0432\u044b\u0441\u043e\u043a\u043e\u0439 \u043a\u043e\u043d\u0446\u0435\u043d\u0442\u0440\u0430\u0446\u0438\u0435\u0439 \u0434\u043b\u044f \u0434\u043e\u0441\u0442\u0438\u0436\u0435\u043d\u0438\u044f \u044d\u0444\u0444\u0435\u043a\u0442\u0430 \u0437\u0430\u043f\u043e\u043b\u043d\u0435\u043d\u0438\u044f \u0438 \"\u0440\u0430\u0437\u0433\u043b\u0430\u0436\u0438\u0432\u0430\u043d\u0438\u044f\" \u043c\u043e\u0440\u0449\u0438\u043d \u0431\u0435\u0437 \u0438\u043d\u044a\u0435\u043a\u0446\u0438\u0439. \u0423\u043d\u0438\u043a\u0430\u043b\u044c\u043d\u0430\u044f \u0444\u043e\u0440\u043c\u0443\u043b\u0430 \u0441 \u043f\u0435\u043f\u0442\u0438\u0434\u0430\u043c\u0438 \u043f\u0440\u043e\u0442\u0438\u0432 \u043c\u043e\u0440\u0449\u0438\u043d, \u0444\u0438\u0442\u043e\u0442\u0435\u043d\u0437\u043e\u0440\u043d\u044b\u043c\u0438 \u0430\u043a\u0442\u0438\u0432\u043d\u044b\u043c\u0438 \u0438\u043d\u0433\u0440\u0435\u0434\u0438\u0435\u043d\u0442\u0430\u043c\u0438 \u0438 \u0433\u0438\u0430\u043b\u0443\u0440\u043e\u043d\u043e\u0432\u043e\u0439 \u043a\u0438\u0441\u043b\u043e\u0442\u043e\u0439. \u0418\u043d\u043d\u043e\u0432\u0430\u0446\u0438\u043e\u043d\u043d\u0430\u044f \u0442\u0435\u0445\u043d\u043e\u043b\u043e\u0433\u0438\u044f, \u0432\u0434\u043e\u0445\u043d\u043e\u0432\u043b\u0451\u043d\u043d\u0430\u044f \u0434\u0435\u0439\u0441\u0442\u0432\u0438\u0435\u043c \u0440\u0430\u0437\u0433\u043b\u0430\u0436\u0438\u0432\u0430\u044e\u0449\u0438\u0445 \u043c\u043e\u0440\u0449\u0438\u043d\u044b \u0438\u043d\u044a\u0435\u043a\u0446\u0438\u0439, \u043d\u043e \u0441 \u043c\u0435\u0441\u0442\u043d\u044b\u043c \u043f\u0440\u0438\u043c\u0435\u043d\u0435\u043d\u0438\u0435\u043c. \u0420\u0430\u0437\u0433\u043b\u0430\u0436\u0438\u0432\u0430\u0435\u0442, \u0437\u0430\u043f\u043e\u043b\u043d\u044f\u0435\u0442 \u0438 \u0441\u043c\u044f\u0433\u0447\u0430\u0435\u0442 \u043c\u043e\u0440\u0449\u0438\u043d\u044b, \u043e\u0441\u043e\u0431\u0435\u043d\u043d\u043e \u043c\u0438\u043c\u0438\u0447\u0435\u0441\u043a\u0438\u0435, \u043f\u0440\u0438\u0434\u0430\u0432\u0430\u044f \u043a\u043e\u0436\u0435 \u043d\u0430\u0441\u0442\u043e\u044f\u0449\u0438\u0439 \"\u0440\u0430\u0437\u0433\u043b\u0430\u0436\u0438\u0432\u0430\u044e\u0449\u0438\u0439 \u044d\u0444\u0444\u0435\u043a\u0442\". \u0423\u043b\u044c\u0442\u0440\u0430\u043b\u0451\u0433\u043a\u0430\u044f \u0436\u0438\u0434\u043a\u0430\u044f \u0442\u0435\u043a\u0441\u0442\u0443\u0440\u0430 \u0431\u0435\u0437 \u0437\u0430\u043f\u0430\u0445\u0430, \u0431\u044b\u0441\u0442\u0440\u043e \u0432\u043f\u0438\u0442\u044b\u0432\u0430\u0435\u0442\u0441\u044f.<br \/>\nUA ainulaadne valem kortsudevastaste peptiidide, f\u00fctotensori aktiivainete ja h\u00fcaluroonhappega.<br \/>\nUuenduslik tehnoloogia, mis on inspireeritud kortse siluvate s\u00fcstide toimest, kuid millel on paikne toime. Siluvad, t\u00e4idavad ja pehmendavad kortse, eriti v\u00e4ljenduskortse, et anda nahale t\u00f5eline &#8220;triigitav efekt&#8221;. \u00dclikerge, l\u00f5hnavaba vedel tekstuur, mis imendub kiiresti.<\/p>","protected":false},"excerpt":{"rendered":"<p>\u0410\u043c\u043f\u0443\u043b\u044b \u0441 \u0432\u044b\u0441\u043e\u043a\u043e\u0439 \u043a\u043e\u043d\u0446\u0435\u043d\u0442\u0440\u0430\u0446\u0438\u0435\u0439 \u0434\u043b\u044f \u0434\u043e\u0441\u0442\u0438\u0436\u0435\u043d\u0438\u044f \u044d\u0444\u0444\u0435\u043a\u0442\u0430 \u0437\u0430\u043f\u043e\u043b\u043d\u0435\u043d\u0438\u044f \u0438 \"\u0440\u0430\u0437\u0433\u043b\u0430\u0436\u0438\u0432\u0430\u043d\u0438\u044f\" \u043c\u043e\u0440\u0449\u0438\u043d \u0431\u0435\u0437 \u0438\u043d\u044a\u0435\u043a\u0446\u0438\u0439. \u0423\u043d\u0438\u043a\u0430\u043b\u044c\u043d\u0430\u044f \u0444\u043e\u0440\u043c\u0443\u043b\u0430 \u0441 \u043f\u0435\u043f\u0442\u0438\u0434\u0430\u043c\u0438 \u043f\u0440\u043e\u0442\u0438\u0432 \u043c\u043e\u0440\u0449\u0438\u043d, \u0444\u0438\u0442\u043e\u0442\u0435\u043d\u0437\u043e\u0440\u043d\u044b\u043c\u0438 \u0430\u043a\u0442\u0438\u0432\u043d\u044b\u043c\u0438 \u0438\u043d\u0433\u0440\u0435\u0434\u0438\u0435\u043d\u0442\u0430\u043c\u0438 \u0438 \u0433\u0438\u0430\u043b\u0443\u0440\u043e\u043d\u043e\u0432\u043e\u0439 \u043a\u0438\u0441\u043b\u043e\u0442\u043e\u0439. \u0418\u043d\u043d\u043e\u0432\u0430\u0446\u0438\u043e\u043d\u043d\u0430\u044f \u0442\u0435\u0445\u043d\u043e\u043b\u043e\u0433\u0438\u044f, \u0432\u0434\u043e\u0445\u043d\u043e\u0432\u043b\u0451\u043d\u043d\u0430\u044f \u0434\u0435\u0439\u0441\u0442\u0432\u0438\u0435\u043c \u0440\u0430\u0437\u0433\u043b\u0430\u0436\u0438\u0432\u0430\u044e\u0449\u0438\u0445 \u043c\u043e\u0440\u0449\u0438\u043d\u044b \u0438\u043d\u044a\u0435\u043a\u0446\u0438\u0439, \u043d\u043e \u0441 \u043c\u0435\u0441\u0442\u043d\u044b\u043c \u043f\u0440\u0438\u043c\u0435\u043d\u0435\u043d\u0438\u0435\u043c. \u0420\u0430\u0437\u0433\u043b\u0430\u0436\u0438\u0432\u0430\u0435\u0442, \u0437\u0430\u043f\u043e\u043b\u043d\u044f\u0435\u0442 \u0438 \u0441\u043c\u044f\u0433\u0447\u0430\u0435\u0442 \u043c\u043e\u0440\u0449\u0438\u043d\u044b, \u043e\u0441\u043e\u0431\u0435\u043d\u043d\u043e \u043c\u0438\u043c\u0438\u0447\u0435\u0441\u043a\u0438\u0435, \u043f\u0440\u0438\u0434\u0430\u0432\u0430\u044f \u043a\u043e\u0436\u0435 \u043d\u0430\u0441\u0442\u043e\u044f\u0449\u0438\u0439 \"\u0440\u0430\u0437\u0433\u043b\u0430\u0436\u0438\u0432\u0430\u044e\u0449\u0438\u0439 \u044d\u0444\u0444\u0435\u043a\u0442\". \u0423\u043b\u044c\u0442\u0440\u0430\u043b\u0451\u0433\u043a\u0430\u044f \u0436\u0438\u0434\u043a\u0430\u044f \u0442\u0435\u043a\u0441\u0442\u0443\u0440\u0430 \u0431\u0435\u0437 \u0437\u0430\u043f\u0430\u0445\u0430, \u0431\u044b\u0441\u0442\u0440\u043e \u0432\u043f\u0438\u0442\u044b\u0432\u0430\u0435\u0442\u0441\u044f.<\/p>","protected":false},"featured_media":8680,"comment_status":"open","ping_status":"closed","template":"","meta":{"om_disable_all_campaigns":false,"_monsterinsights_skip_tracking":false,"_monsterinsights_sitenote_active":false,"_monsterinsights_sitenote_note":"","_monsterinsights_sitenote_category":0,"_themeisle_gutenberg_block_has_review":false},"product_brand":[],"product_cat":[176,173,147,110,114,172,174,658],"product_tag":[128,118,657],"class_list":{"0":"post-8676","1":"product","2":"type-product","3":"status-publish","4":"has-post-thumbnail","6":"product_cat-anti-age","7":"product_cat-kuiv-ja-tundlik","8":"product_cat-kuiv-nahk","9":"product_cat-naohooldus","10":"product_cat-seerumid","11":"product_cat-normaalsele-nahale","12":"product_cat-rasune-kombineeritud","13":"product_cat-sale","14":"product_tag-lacabine","15":"product_tag-naoseerumid","16":"product_tag-sale","18":"first","19":"instock","20":"sale","21":"taxable","22":"shipping-taxable","23":"purchasable","24":"product-type-simple"},"aioseo_notices":[],"_links":{"self":[{"href":"https:\/\/beautybe.ee\/rus\/wp-json\/wp\/v2\/product\/8676","targetHints":{"allow":["GET"]}}],"collection":[{"href":"https:\/\/beautybe.ee\/rus\/wp-json\/wp\/v2\/product"}],"about":[{"href":"https:\/\/beautybe.ee\/rus\/wp-json\/wp\/v2\/types\/product"}],"replies":[{"embeddable":true,"href":"https:\/\/beautybe.ee\/rus\/wp-json\/wp\/v2\/comments?post=8676"}],"version-history":[{"count":1,"href":"https:\/\/beautybe.ee\/rus\/wp-json\/wp\/v2\/product\/8676\/revisions"}],"predecessor-version":[{"id":9869,"href":"https:\/\/beautybe.ee\/rus\/wp-json\/wp\/v2\/product\/8676\/revisions\/9869"}],"wp:featuredmedia":[{"embeddable":true,"href":"https:\/\/beautybe.ee\/rus\/wp-json\/wp\/v2\/media\/8680"}],"wp:attachment":[{"href":"https:\/\/beautybe.ee\/rus\/wp-json\/wp\/v2\/media?parent=8676"}],"wp:term":[{"taxonomy":"product_brand","embeddable":true,"href":"https:\/\/beautybe.ee\/rus\/wp-json\/wp\/v2\/product_brand?post=8676"},{"taxonomy":"product_cat","embeddable":true,"href":"https:\/\/beautybe.ee\/rus\/wp-json\/wp\/v2\/product_cat?post=8676"},{"taxonomy":"product_tag","embeddable":true,"href":"https:\/\/beautybe.ee\/rus\/wp-json\/wp\/v2\/product_tag?post=8676"}],"curies":[{"name":"wp","href":"https:\/\/api.w.org\/{rel}","templated":true}]}}