{"id":9987,"date":"2024-04-02T12:09:13","date_gmt":"2024-04-02T12:09:13","guid":{"rendered":"https:\/\/beautybe.ee\/?post_type=product&#038;p=9987"},"modified":"2024-05-22T07:47:04","modified_gmt":"2024-05-22T07:47:04","slug":"kurkumiini-futosoom-meriva","status":"publish","type":"product","link":"https:\/\/beautybe.ee\/rus\/product\/kurkumiini-futosoom-meriva\/","title":{"rendered":"Kurkumiini F\u00fctosoom, Meriva"},"content":{"rendered":"<p><span data-sheets-root=\"1\" data-sheets-value=\"{&quot;1&quot;:2,&quot;2&quot;:&quot;Jarrow Formulas Curcumin Phytosome sisaldab Merivat, patenteeritud koostisosa, mis koosneb kurkumiinist (kurkumi ekstrakt), mis on seotud fosfatid\u00fc\u00fclkoliiniga suurenenud imendumise saavutamiseks. Kurkumiin ja selle metaboliidid pakuvad antioks\u00fcdantset tuge oks\u00fcdatiivse stressi minimeerimiseks ja toetavad liigese tervist.\\nPeamised Eelised:\\n- Koostatud koos Merivaga, patenteeritud koostisosaga, mis koosneb kurkumiinist ja fosfatid\u00fc\u00fclkoliinist suurenenud imendumise tagamiseks\\n- Pakub antioks\u00fcdantset tuge oks\u00fcdatiivse stressi minimeerimiseks\\n- Toetab liigese tervist\\n- Vegan, GMO-vaba, gluteenivaba&quot;}\" data-sheets-userformat=\"{&quot;2&quot;:829,&quot;3&quot;:{&quot;1&quot;:0},&quot;5&quot;:{&quot;1&quot;:[{&quot;1&quot;:2,&quot;2&quot;:0,&quot;5&quot;:{&quot;1&quot;:2,&quot;2&quot;:0}},{&quot;1&quot;:0,&quot;2&quot;:0,&quot;3&quot;:3},{&quot;1&quot;:1,&quot;2&quot;:0,&quot;4&quot;:1}]},&quot;6&quot;:{&quot;1&quot;:[{&quot;1&quot;:2,&quot;2&quot;:0,&quot;5&quot;:{&quot;1&quot;:2,&quot;2&quot;:0}},{&quot;1&quot;:0,&quot;2&quot;:0,&quot;3&quot;:3},{&quot;1&quot;:1,&quot;2&quot;:0,&quot;4&quot;:3}]},&quot;7&quot;:{&quot;1&quot;:[{&quot;1&quot;:2,&quot;2&quot;:0,&quot;5&quot;:{&quot;1&quot;:2,&quot;2&quot;:0}},{&quot;1&quot;:0,&quot;2&quot;:0,&quot;3&quot;:3},{&quot;1&quot;:1,&quot;2&quot;:0,&quot;4&quot;:1}]},&quot;8&quot;:{&quot;1&quot;:[{&quot;1&quot;:2,&quot;2&quot;:0,&quot;5&quot;:{&quot;1&quot;:2,&quot;2&quot;:0}},{&quot;1&quot;:0,&quot;2&quot;:0,&quot;3&quot;:3},{&quot;1&quot;:1,&quot;2&quot;:0,&quot;4&quot;:1}]},&quot;11&quot;:3,&quot;12&quot;:0}\">Jarrow Formulas Curcumin Phytosome sisaldab Merivat, patenteeritud koostisosa, mis koosneb kurkumiinist (kurkumi ekstrakt), mis on seotud fosfatid\u00fc\u00fclkoliiniga suurenenud imendumise saavutamiseks. Kurkumiin ja selle metaboliidid pakuvad antioks\u00fcdantset tuge oks\u00fcdatiivse stressi minimeerimiseks ja toetavad liigese tervist.<br \/>\n<strong>Peamised Eelised:<\/strong><br \/>\n&#8211; Koostatud koos Merivaga, patenteeritud koostisosaga, mis koosneb kurkumiinist ja fosfatid\u00fc\u00fclkoliinist suurenenud imendumise tagamiseks<br \/>\n&#8211; Pakub antioks\u00fcdantset tuge oks\u00fcdatiivse stressi minimeerimiseks<br \/>\n&#8211; Toetab liigese tervist<br \/>\n&#8211; Vegan, GMO-vaba, gluteenivaba<\/span><\/p>\n","protected":false},"excerpt":{"rendered":"<p><span data-sheets-root=\"1\" data-sheets-value=\"{&quot;1&quot;:2,&quot;2&quot;:&quot;Jarrow Formulas | Kurkumiini F\u00fctosoom, Meriva | 60 taimetoitlasi kapsleid | Vitamiinid&quot;}\" data-sheets-userformat=\"{&quot;2&quot;:829,&quot;3&quot;:{&quot;1&quot;:0},&quot;5&quot;:{&quot;1&quot;:[{&quot;1&quot;:2,&quot;2&quot;:0,&quot;5&quot;:{&quot;1&quot;:2,&quot;2&quot;:0}},{&quot;1&quot;:0,&quot;2&quot;:0,&quot;3&quot;:3},{&quot;1&quot;:1,&quot;2&quot;:0,&quot;4&quot;:1}]},&quot;6&quot;:{&quot;1&quot;:[{&quot;1&quot;:2,&quot;2&quot;:0,&quot;5&quot;:{&quot;1&quot;:2,&quot;2&quot;:0}},{&quot;1&quot;:0,&quot;2&quot;:0,&quot;3&quot;:3},{&quot;1&quot;:1,&quot;2&quot;:0,&quot;4&quot;:3}]},&quot;7&quot;:{&quot;1&quot;:[{&quot;1&quot;:2,&quot;2&quot;:0,&quot;5&quot;:{&quot;1&quot;:2,&quot;2&quot;:0}},{&quot;1&quot;:0,&quot;2&quot;:0,&quot;3&quot;:3},{&quot;1&quot;:1,&quot;2&quot;:0,&quot;4&quot;:1}]},&quot;8&quot;:{&quot;1&quot;:[{&quot;1&quot;:2,&quot;2&quot;:0,&quot;5&quot;:{&quot;1&quot;:2,&quot;2&quot;:0}},{&quot;1&quot;:0,&quot;2&quot;:0,&quot;3&quot;:3},{&quot;1&quot;:1,&quot;2&quot;:0,&quot;4&quot;:1}]},&quot;11&quot;:3,&quot;12&quot;:0}\" data-sheets-formula=\"=R[0]C[1]&amp;&quot; | &quot;&amp;R[0]C[-2]&amp;&quot; | &quot;&amp;R[0]C[5]&amp;&quot; | &quot;&amp;R[0]C[6]\">Jarrow Formulas | Kurkumiini F\u00fctosoom, Meriva | 60 taimetoitlasi kapsleid | Vitamiinid<\/span><\/p>\n","protected":false},"featured_media":9988,"comment_status":"open","ping_status":"closed","template":"","meta":{"om_disable_all_campaigns":false,"_monsterinsights_skip_tracking":false,"_monsterinsights_sitenote_active":false,"_monsterinsights_sitenote_note":"","_monsterinsights_sitenote_category":0,"_themeisle_gutenberg_block_has_review":false},"product_brand":[],"product_cat":[177],"product_tag":[638],"class_list":{"0":"post-9987","1":"product","2":"type-product","3":"status-publish","4":"has-post-thumbnail","6":"product_cat-vitamiinid","7":"product_tag-jarrow-formulas","9":"first","10":"outofstock","11":"taxable","12":"shipping-taxable","13":"product-type-simple"},"aioseo_notices":[],"_links":{"self":[{"href":"https:\/\/beautybe.ee\/rus\/wp-json\/wp\/v2\/product\/9987","targetHints":{"allow":["GET"]}}],"collection":[{"href":"https:\/\/beautybe.ee\/rus\/wp-json\/wp\/v2\/product"}],"about":[{"href":"https:\/\/beautybe.ee\/rus\/wp-json\/wp\/v2\/types\/product"}],"replies":[{"embeddable":true,"href":"https:\/\/beautybe.ee\/rus\/wp-json\/wp\/v2\/comments?post=9987"}],"version-history":[{"count":3,"href":"https:\/\/beautybe.ee\/rus\/wp-json\/wp\/v2\/product\/9987\/revisions"}],"predecessor-version":[{"id":10012,"href":"https:\/\/beautybe.ee\/rus\/wp-json\/wp\/v2\/product\/9987\/revisions\/10012"}],"wp:featuredmedia":[{"embeddable":true,"href":"https:\/\/beautybe.ee\/rus\/wp-json\/wp\/v2\/media\/9988"}],"wp:attachment":[{"href":"https:\/\/beautybe.ee\/rus\/wp-json\/wp\/v2\/media?parent=9987"}],"wp:term":[{"taxonomy":"product_brand","embeddable":true,"href":"https:\/\/beautybe.ee\/rus\/wp-json\/wp\/v2\/product_brand?post=9987"},{"taxonomy":"product_cat","embeddable":true,"href":"https:\/\/beautybe.ee\/rus\/wp-json\/wp\/v2\/product_cat?post=9987"},{"taxonomy":"product_tag","embeddable":true,"href":"https:\/\/beautybe.ee\/rus\/wp-json\/wp\/v2\/product_tag?post=9987"}],"curies":[{"name":"wp","href":"https:\/\/api.w.org\/{rel}","templated":true}]}}